3, 643, 4339
List the prime factors of 41586501.
3, 11, 571, 2207
What are the prime factors of 199391021?
199391021
What are the prime factors of 15600865?
5, 7, 37, 1721
What are the prime factors of 5823384?
2, 3, 7, 17, 2039
List the prime factors of 41704042.
2, 2707, 7703
What are the prime factors of 249419357?
11, 919, 2243
What are the prime factors of 76392211?
7, 10913173
What are the prime factors of 5793765922?
2, 7, 1213, 341171
What are the prime factors of 535161446?
2, 113, 2367971
What are the prime factors of 51566085?
3, 5, 53, 7207
List the prime factors of 1585906911.
3, 58737293
What are the prime factors of 176399919?
3, 2053, 9547
What are the prime factors of 166632345?
3, 5, 11, 336631
What are the prime factors of 562689120?
2, 3, 5, 7, 17, 9851
What are the prime factors of 397319378?
2, 198659689
What are the prime factors of 2816439884?
2, 23, 127, 241051
What are the prime factors of 369978048?
2, 3, 11, 58393
List the prime factors of 115667979.
3, 7, 29, 43, 631
List the prime factors of 57232092.
2, 3, 149, 32009
List the prime factors of 1338694105.
5, 7, 61, 79, 7937
List the prime factors of 393853598.
2, 43, 4579693
List the prime factors of 185321014.
2, 92660507
What are the prime factors of 86437179?
3, 349, 9173
List the prime factors of 787238577.
3, 87470953
What are the prime factors of 154542655?
5, 30908531
What are the prime factors of 57300923?
2351, 24373
What are the prime factors of 2111796787?
31, 68122477
What are the prime factors of 715391521?
13, 859, 64063
What are the prime factors of 50994313?
50994313
List the prime factors of 50284922.
2, 79, 318259
List the prime factors of 324816658.
2, 1063, 152783
List the prime factors of 240253991.
569, 422239
List the prime factors of 92782170.
2, 3, 5, 13, 79301
What are the prime factors of 87122678?
2, 47, 347, 2671
List the prime factors of 1501536270.
2, 3, 5, 13, 73, 4057
List the prime factors of 81918464.
2, 193, 829
What are the prime factors of 1562348744?
2, 11, 983, 18061
List the prime factors of 1145638800.
2, 3, 5, 318233
What are the prime factors of 170228746?
2, 967, 88019
What are the prime factors of 192506448?
2, 3, 4010551
List the prime factors of 290233410.
2, 3, 5, 9674447
List the prime factors of 7649852307.
3, 1163, 2192563
What are the prime factors of 20074820?
2, 5, 1003741
List the prime factors of 15914680.
2, 5, 397867
What are the prime factors of 975082550?
2, 5, 13, 1500127
What are the prime factors of 1534443998?
2, 29, 26455931
List the prime factors of 6127933872.
2, 3, 97, 577, 2281
What are the prime factors of 9808212?
2, 3, 23, 35537
What are the prime factors of 203532582?
2, 3, 11, 3083827
What are the prime factors of 54027947?
31, 71, 24547
List the prime factors of 193250804.
2, 181, 266921
What are the prime factors of 220260739?
53, 4155863
List the prime factors of 377358224.
2, 23584889
List the prime factors of 44363017.
337, 131641
List the prime factors of 4413690232.
2, 7, 78815897
List the prime factors of 87564429.
3, 31, 233, 449
What are the prime factors of 38073265?
5, 257, 29629
List the prime factors of 3404780542.
2, 1702390271
What are the prime factors of 1359131543?
7, 11, 31, 353, 1613
What are the prime factors of 1690233293?
7, 19, 43, 42221
What are the prime factors of 225417127?
13, 17, 83, 12289
What are the prime factors of 997719868?
2, 17, 19, 772229
List the prime factors of 799284081.
3, 73, 3649699
What are the prime factors of 955947643?
7, 23, 199, 29837
List the prime factors of 338806685.
5, 7, 17, 569423
What are the prime factors of 6250060?
2, 5, 47, 61, 109
What are the prime factors of 238853681?
11, 21713971
List the prime factors of 12201482.
2, 47, 129803
List the prime factors of 35879216.
2, 197, 11383
List the prime factors of 1962959071.
1962959071
List the prime factors of 1160543889.
3, 487, 88261
List the prime factors of 957728229.
3, 31, 137, 75169
List the prime factors of 109754506.
2, 37, 1483169
List the prime factors of 892411773.
3, 11, 197, 137273
List the prime factors of 152978698.
2, 2663, 28723
List the prime factors of 20190218.
2, 641, 15749
List the prime factors of 325832343.
3, 127, 855203
What are the prime factors of 5747948041?
11, 8093, 64567
List the prime factors of 746473485.
3, 5, 17, 29, 100943
List the prime factors of 5127535755.
3, 5, 173, 658643
List the prime factors of 59501683.
17, 109, 163, 197
What are the prime factors of 379461765?
3, 5, 41, 617011
List the prime factors of 64810798.
2, 13, 277, 8999
List the prime factors of 8030178999.
3, 7069, 42073
What are the prime factors of 313630046?
2, 43, 73, 49957
What are the prime factors of 83869480?
2, 5, 2096737
List the prime factors of 34440935.
5, 6888187
List the prime factors of 20728358.
2, 7, 1480597
List the prime factors of 218431659.
3, 72810553
List the prime factors of 83160227.
2521, 32987
List the prime factors of 492393319.
11, 113, 479, 827
What are the prime factors of 77169748?
2, 83, 232439
What are the prime factors of 2212836984?
2, 3, 2039, 15073
List the prime factors of 913229181.
3, 179, 188957
List the prime factors of 1115022999.
3, 19, 19561807
List the prime factors of 4257705.
3, 5, 79, 3593
What are the prime factors of 537285696?
2, 3, 2798363
What are the prime factors of 76017639?
3, 97, 261229
What are the prime factors of 506715647?
506715647
What are the prime factors of 54017420?
2, 5, 157, 17203
List the prime factors of 372439297.
43, 263, 32933
What are the prime factors of 57423464?
2, 7, 1025419
What are the prime factors of 397898109?
3, 7, 499, 4219
What are the prime factors of 2129768668?
2, 532442167
What are the prime factors of 302981629?
163, 193, 9631
What are the prime factors of 201926141?
67, 113, 149, 179
What are the prime factors of 164739299?
17, 9690547
What are the prime factors of 265290119?
23, 11534353
List the prime factors of 4747765671.
3, 11, 5328581
What are the prime factors of 387060112?
2, 151, 160207
What are the prime factors of 6575533?
97, 67789
List the prime factors of 6094919367.
3, 677213263
What are the prime factors of 80574878?
2, 191, 210929
What are the prime factors of 733356412?
2, 7703, 23801
What are the prime factors of 443900401?
7, 19, 175663
What are the prime factors of 6696999878?
2, 1153, 2904163
What are the prime factors of 21008629?
193, 199, 547
What are the prime factors of 4568877440?
2, 5, 433, 16487
What are the prime factors of 6211751174?
2, 23, 727, 185747
List the prime factors of 1040745288.
2, 3, 11, 3942217
What are the prime factors of 219015420?
2, 3, 5, 13, 17, 83, 199
What are the prime factors of 17308345?
5, 277, 12497
What are the prime factors of 375186265?
5, 67, 1119959
What are the prime factors of 4473172777?
7933, 563869
What are the prime factors of 1443520324?
2, 360880081
What are the prime factors of 38856155?
5, 13, 53, 11279
List the prime factors of 400368009.
3, 37, 109, 33091
List the prime factors of 70032664.
2, 13, 673391
What are the prime factors of 730715?
5, 59, 2477
What are the prime factors of 127944825?
3, 5, 1705931
What are the prime factors of 398371713?
3, 132790571
List the prime factors of 394313806.
2, 79, 2495657
List the prime factors of 25293718.
2, 37, 43, 7949
What are the prime factors of 429883308?
2, 3, 3980401
What are the prime factors of 44404907?
233, 190579
List the prime factors of 979015805.
5, 17, 31, 71, 5233
List the prime factors of 31350262.
2, 83, 188857
List the prime factors of 394150178.
2, 47, 4193087
List the prime factors of 2157782126.
2, 47, 488407
What are the prime factors of 74537999?
74537999
What are the prime factors of 1164100857?
3, 17, 59, 263, 1471
List the prime factors of 96897854.
2, 48448927
What are the prime factors of 147361631?
31, 4753601
What are the prime factors of 316660458?
2, 3, 23, 99767
What are the prime factors of 2037667731?
3, 11, 2689, 22963
What are the prime factors of 138497111?
5557, 24923
What are the prime factors of 18914721?
3, 7, 900701
List the prime factors of 1479423820.
2, 5, 7, 59, 179107
List the prime factors of 3051423958.
2, 11, 47, 2951087
List the prime factors of 1012973432.
2, 126621679
What are the prime factors of 671